3 + 0 - (-248 + 258) - 0)?
-17
What is 2 - 4 - 23 - ((8 - -21) + -32 + -5)?
-17
Calculate 9 + -33 + (48 + -17 - -11).
18
(-91 - (-154 + 76)) + (3 - (3 - 107))
94
What is the value of (2 + 3 + 14 - 2) + -14 + -9?
-6
What is the value of 0 + -15 - ((11 - -2) + -6 - -46)?
-68
(45 + -10 + 7 - -59) + (-11 - 3)
87
Evaluate (44 - (38 + 25)) + 2 + -45.
-62
5 - 39 - (241 + -299)
24
What is (1 + -36 - (-198 - -233)) + -12?
-82
Evaluate -2 + -38 + 0 + (-25 - (-9 + (-11 - -6))).
-51
What is 0 - (5 + 86) - (-105 + 93) - 0?
-79
What is the value of -16 + 46 - (17 - (-6 - -20))?
27
What is (6 - (20 - 10) - (8 + -2)) + 28 + -47?
-29
What is the value of 1 + (-12 - (-20 + -3) - (0 - -3))?
9
Evaluate 22 + -35 + -15 - (3 - -18).
-49
What is -410 - -249 - (4 + -129)?
-36
(29 - 24 - ((-2 - -18) + 0)) + (48 - -3)
40
What is -271 + 294 + -22 + (4 - 3)?
2
What is the value of -11 + 0 + 12 + (29 + -11 - 20)?
-1
What is the value of -54 + (-12 - -7 - (25 + -21 + -23))?
-40
What is the value of 2 + 10 + -19 + (-12 - 31 - (8 - -1))?
-59
Evaluate -7 + -98 - (-981 + 934).
-58
-17 + 6 + -29 + 27 - 18
-31
What is 2 - (4 + 1 + -7 - (-8 - -5 - 4))?
-3
Evaluate (12 + 7 + -26 + 7 - -3) + (0 - -6).
9
25 - (27 - (11 - 5))
4
Evaluate (4 + 0 - (-644 - -691 - (1 - -17))) + 11.
-14
Calculate 0 + (-102 - (-11 + -56)).
-35
Evaluate -27 + (1 - (-8 + -23)).
5
1 + (-4 - (-9 + (6 - 23)))
23
Evaluate (121 - 212) + (1 + (5 - 8) - -17).
-76
Evaluate 45 - 1 - (-3 + -6 + (2 - (-43 - -42))).
50
What is -15 - (-25 + (-53 - -133))?
-70
What is (-26 + 14 - 25) + 41?
4
-42 + 0 + (-1 - (6 + 20 - 21))
-48
What is -9 - -6 - ((-56 - 1) + -10) - (-26 + 16)?
74
What is the value of 169 - 213 - (-97 + 80)?
-27
Evaluate (-43 - -32) + -52 + 16.
-47
Evaluate (9 - 3) + -1 - (4 + 87 + -104).
18
Calculate (11 - (51 + -6) - 13) + 1 + 6.
-40
38 + (-16 - 37) - (-25 - -1) - (2 - -67)
-60
63 + (-2 - -2) - (-29 - 3 - (149 - 174))
70
What is 119 + -123 + -66 + 114?
44
-1 + 4 + 95 - (-1456 - -1433)
121
What is (9 + -1 - (-4 - -3)) + -16 + 5 + -46?
-48
-8 + (3 - (-3 + 10)) - (-23 + 15)
-4
What is -2 + -2 + -112 - (15441 + -15491)?
-66
-22 + (-19 + 10 - 12) + 46
3
1316 + -1276 - (-27 - 3)
70
(-12 - -27 - (19 - (-4 - -1))) + 5
-2
What is 15 - (49 - 24 - 44)?
34
What is the value of 5 + (27 - (-22 + 34 + (1 - 11)))?
30
What is 110 + -196 - (15 + -11)?
-90
What is the value of 0 + 6 - (-19 + 40 - 8) - (-14 - 54)?
61
What is the value of (85 - (35 - (22 + -29))) + 36?
79
29 - (-45 + 85 - -23)
-34
What is the value of -91 + (70 - 129) + 87?
-63
Calculate -20 - (8 + (10 - 6) + -23 - -11).
-20
Calculate 19 - (43 + -2) - (-18 + 7) - 26.
-37
Evaluate -42 + -23 - -14 - (-23 - 0).
-28
Calculate 80 + -17 + -80 - (-26 - 1).
10
What is the value of 195 - (-168 + 110 - -154)?
99
What is the value of 3 - (10 + (31 + -20 - 29) + -26)?
37
Calculate (-4 + 1 - -13) + (13 + -6 - 6) + 11.
22
Calculate (3 - 25 - (24 + 8 + -50)) + 25.
21
Evaluate -53 - (54 - 63) - -73.
29
Calculate 1 + 13 - (24 + -4 + (16 - (24 - 23))).
-21
What is the value of -2 + 1 + -9 + (-339 - -179 - -135)?
-35
What is the value of 1 + 2 + (-14 - (-3 + 4 - -2)) + -10?
-24
Calculate -30 - ((39 - -69) + -40) - -25.
-73
Calculate 23 - (49 - 8) - -61.
43
What is the value of (-1 + 8 + -14 - -12 - -5) + (-33 - -13)?
-10
Calculate (17 - (2 - 27)) + -15 + 27.
54
Calculate 21 - (-1 + 19 + -23 + 4).
22
Calculate 17 - (39 + 7) - 15 - -19.
-25
Evaluate 9 - (5 - (40 - 11 - 9) - -151).
-127
What is the value of (2 - 0) + -1 + 3 + -1 + 35 + 4?
42
Evaluate 33 - (22 - 42) - -5.
58
What is the value of (-1 + 3 - (-1183 + 1194)) + 1 + 0?
-8
What is the value of -69 - (-111 + 141 + -148)?
49
Calculate -30 + -44 + (-23 - (6 + -30)).
-73
Evaluate (-47 - (-4 - -2)) + (-69 - -40) + 30.
-44
What is the value of -25 - (14 - 64) - 28 - -21?
18
-86 + -23 + 52 - -46
-11
What is the value of -165 + (131 - 17) - (1 - (2 - -1))?
-49
What is (12 - 9) + (0 - 3) - (-91 - 3) - -9?
103
Evaluate 10 + -1 - ((2 - -64) + (45 - (-21 + 74))).
-49
What is -51 + (0 + -11 + 6 - (-83 - -65))?
-38
Evaluate -165 + 0 + (-580 - -571 - (-32 - 0)).
-142
Evaluate -14 + 0 + -1 - (1649 + -1656) - -100.
92
What is the value of -1 + 21 + (10 + 37 - 45) - 33?
-11
What is 6 - (-33 - (22 - -44)) - (1 + (-6 - -2))?
108
What is -3 + 2 - (55 + (6 - (-14 + 31 + -8)))?
-53
Evaluate 8 - (-74 - (26 + -70 - -2)).
40
Evaluate 132 + 9 + (17 + (-16 - 16) - 1).
125
What is (-38 - (-53 - 32)) + 23 + -9 + 0?
61
Evaluate (10 - (91 - 42)) + -39.
-78
What is -17 + (-2 - -1) + -153 + 114?
-57
What is the value of -12 - ((-1 - 0) + -4) - (-3 - (5 - -6))?
7
Calculate 14 - (20 - 12 - -24 - 7).
-11
What is 11 + (19 - (-3 + 6 - -21)) - -14?
20
What is the value of 45 - 38 - 26 - (-23 + -86)?
90
148 + -162 - (-6 - -10 - 22)
4
What is -31 - 12 - (-35 + -11 + 32)?
-29
What is the value of (254 - 308) + 9 + 66?
21
What is 40 + (18 - (15 + (-23 - -5)))?
61
137 + ((0 - 12) + 4 + -8 - (-331 + 307))
145
Calculate 84 + 1 + (-38 - -24) + -9 - 7.
55
Calculate (-30 - 61 - 31) + 46.
-76
Evaluate (3 - -16) + (24 - 34) - (-14 + 3 + 88).
-68
What is 8 + (-2 - (3 + 7)) + (37 - (76 + -46))?
3
Evaluate 848 + -838 - (-77 - -1).
86
Evaluate -9 - -9 - (64 - (-16 - -35)).
-45
Evaluate 13 + (10 - (-11 + (35 - 12))) + -5.
6
(1 - 16) + -2225 + 2195
-45
What is the value of -15 + (69 - 6) + (1 - 13)?
36
-13 + (3 + (3 - 16) - -30) + 5
12
What is the value of -10 + (-5 - (-4 + -17 + (17 - 7)))?
-4
Calculate 105 + -104 + -12 + 1 - (-1 + -10).
1
What is -49 + (-20 - (-2 + 3) - (426 - 470))?
-26
What is 4 - (11 + 1 + 24 + (6 - -5 - 11))?
-32
Evaluate 112 + 0 - -5 - (2230 + -2223).
110
0 - 9 - (-49 + -32 + 38)
34
Evaluate -2 + 4 + ((11 - 19) + 15 + -10 - -8).
7
What is (1 - 2) + -4 + -40 + (217 - 60)?
112
What is (3 - 7 - (-106 + (4 - -10))) + (15 - 18)?
85
What is the value of -2 - -7 - 8 - (-18 - (-47 + (-3 - -14)))?
-21
What is the value of 0 + 10 - (15 - -87 - 72)?
-20
Evaluate -915 + 852 - (-1 - (1 - (1 - -22))).
-84
What is (-95 - -47) + 60 + (-6 - 3) - (-1 - 62)?
66
What is (42 - (8 - 4)) + (-15 - (-20 - -18))?
25
What is the value of -21 - (32 + -110 + 32)?
25
What is (-51 - -116) + -25 + -41?
-1
What is (4 - -4) + 4 - (30 + -32 - 15)?
29
What is the value of 79 - 7 - (-2 + 0) - (-90 - -56 - -36)?
72
What is the value of -108 - (-22 + 8 - (0 + -5 - 3)) - 5?
-107
Evaluate 7 + (54 - 53) + (1 - 0) + -9 + 0.
0
25 + 9 - -12 - (4 - 0)
42
Evaluate (4 + -5 - (0 + 1)) + -3 + 10 + -22.
-17
Evaluate (-2 - 42) + 3 + (2 - -3) + 28 + -32.
-40
(-105 - (57 - 97)) + 47
-18
What is the value of 71 + -117 - (-6 + -3 + 4)?
-41
(-40 - -62) + 28 - 52
-2
What is 9 + -4 + (-7 - -8 - 4 - 61 - -6)?
-53
Calculate -22 + 63 + -49 + 121 + (-16 - (-5 - -2)).
100
Evaluate 15 + (4 - -5 - (0 - 2 - 52 - 18)).
96
What is the value of -19 + (-12 - ((10 - -6) + -17)) + 27?
-3
11 + 43 + 7 + (4 + -1 - (51 - 43))
56
10 + -23 - (-2 + -11 + 0) - -47
47
What is 6 - (-5 + -54 + 39)?
26
Evaluate -43 + (-23 - -17) - -75.
26
What is 37 + (120 - 215) - (-2 + -23)?
-33
-12 + (-6 - -44) + 12
38
Evaluate (16 - (14 + 13 + 17 + -29)) + -35.
-34
Calculate (86 - 61 - 44) + 53.
34
Calculate 14 + 16 + 37 - 29.
38
What is -114 + 113 - (9 + (-5 - 27))?
22
What is (11 - (2 - -3)) + 177 + -201?
-18
What is the value of 16 + (-4 - -5 - 3) + -21 - 2?
-9
Evaluate (-4 - (-2 - 7)) + (128 - 128) + 28.
33
Evaluate (-6 - (4 - 3 - 1 - -2)) + -1213 + 1193.
-28
Calculate (-100 - (2 - 50)) + 66.
14
Evaluate 115 - (36 + -25 + 34 - 17).
87
What is -3 + (124 + -53 - 51)?
17
Calculate -9 + (-6 - (-22 + 14) - 11).
-18
9 + -10 - (-15 + 2 - 47)
59
What is -53 + (-41 - -85) - -1?
-8
(-1 + 8 - (-3 + 6)) + -10 - (22 + 54)
-82
Evaluate (-10 - (-7 + (-14 - -14)) - 0) + -31.
-34
Calculate 32 + 9 + 2 + -51.
-8
Evaluate 8 - (-5 + 73) - 8 - (-9 - 0 - -1).
-60
What is the value of 20 + (37 - -22 - 46) + 47?
80
Calculate (1 - -71) + -4152 + 4118.
38
What is the value of -33 + (-1 - 3) + 7 + (-31 - (11 + -32))?
-40
What is the value of 5 + 22 + -7 + -24 + 26 - (-1 + 6)?
17
Calculate (-8 - (4 - (-11 + -2 + 32))) + (1 - -35).
43
(155 - 145) + (5 - 9 - 0 - -2 - 54)
-46
Calculate -1 - -22 - (-38 - -71) - -94.
82
What is (30 - 16) + 6 - (-4 + 0)?
24
Calculate -6379 + 6374 + (0 + 0 + -1 - 22) + 9.
-19
Evaluate -18 + -8 + 53 + -50.
-23
1302 + -1322 - (-36 - (3 + 1))
20
Wha